-43*u + 30 = -38*u. Let m be ((1/2)/(u/984))/2. Suppose -m*y = -37*y - 1164. List the prime factors of y.
3, 97
Let s be -9 - 6*(-1)/2. Let m(a) = 5*a**2 + 5*a - 5. Let q be m(s). Suppose -44 - q = -3*x. List the prime factors of x.
3, 7
Let o(i) = 42*i + 300. Let j(v) = 47*v + 300. Let x(d) = 4*j(d) - 5*o(d). List the prime factors of x(-32).
2, 101
Suppose -3*j + 6*j = -p + 17, 3*j + 2*p = 22. Let u(a) = 5*a - 17. Let x be u(j). Let c(l) = 19*l**2 - 11*l + 1. List the prime factors of c(x).
139
Let h(s) = s**2 - 10*s - 7. Suppose 0*i - 13 = -3*w + 2*i, -32 = -4*w - i. Let b be h(w). Let z = 43 + b. What are the prime factors of z?
3, 5
Suppose 0 = -8*j - 0*j + 6008. Let d = -312 + j. What are the prime factors of d?
439
Let v(k) = 25*k**3 - 3*k**2 + 2. Let a(s) = -s**3. Let f(w) = -5*a(w) + v(w). What are the prime factors of f(2)?
2, 5, 23
Let c(g) = g**2 + 36*g + 349. What are the prime factors of c(51)?
2, 2393
Let n = -18774 - -18853. List the prime factors of n.
79
What are the prime factors of (6 + 511232/24)*((-75)/10)/(-5)?
31, 1031
Suppose -3*h - 1 = 5*t, 7*h - 4*h - 3*t - 39 = 0. Suppose -10*s - 497 = -m - h*s, m - 479 = -4*s. What are the prime factors of m?
491
Suppose -23 = 4*c + j, 3*j = -5*c - 28 - 6. Let b be c/10 + (-4855)/(-10). Suppose 4*o + 3*y = 6*y + b, -5*o = -2*y - 615. List the prime factors of o.
5
Let h(v) = -4*v**3 + 14*v**2 - 7*v + 12. Let b(f) = 7*f**3 - 27*f**2 + 13*f - 22. Let r(o) = -6*b(o) - 11*h(o). List the prime factors of r(6).
2, 3, 7, 17
Let l(n) = 2*n**3 - 4*n**2 - 53*n - 52. What are the prime factors of l(17)?
7717
Let r be (-2 - 15/(-9))/(1/(-48)). Suppose -17*d + r*d = 3*i - 1314, -4*d - 3*i + 5247 = 0. What are the prime factors of d?
3, 19, 23
Let g = 6378 - -1422. What are the prime factors of g?
2, 3, 5, 13
Let i = -17699 + 34898. What are the prime factors of i?
3, 7, 13
Let t(y) = -338*y - 1691. What are the prime factors of t(-41)?
23
Let x be -2*9/6 + 5. Let y be (-14)/(18/(-117)*1/x). Suppose -3*a + 2*m + y = a, -2*m = -6. What are the prime factors of a?
47
Let c(g) = -15*g + 1. Let b be c(2). Let v = -20 - b. Let n = v + 32. List the prime factors of n.
41
Let n(j) = -j**3 - 7*j - 12. Let g be (-1)/(2*(-1)/31)*2. Let f = -35 + g. What are the prime factors of n(f)?
2, 5
Let k(d) = 7*d**2 + 43*d - 8. Let h be k(-17). Suppose -2*a + h = -4*b, -2*b + 6 = 10. What are the prime factors of a?
2, 11, 29
Let v = 15546 + -6491. What are the prime factors of v?
5, 1811
Let h(z) = z**3 - 14*z**2 + 11*z + 22. Let j be h(13). Let u(q) = 35*q**2 - 39*q - 145. List the prime factors of u(j).
571
Let m = -56 + 60. Suppose 3 + 11 = k - 4*r, -14 = -m*k - 5*r. Suppose -2*q + a + 96 = k*a, 5*a - 10 = 0. What are the prime factors of q?
43
Let g be (4/(-10))/(-1) + (-896)/(-10). Let z = g - 87. Suppose 5*i = -z*i + 40. What are the prime factors of i?
5
Let u(l) = -3195*l**3 - 226*l**2 - 459*l - 3. What are the prime factors of u(-2)?
7, 13, 281
Suppose 9 = -3*d, -2*c + 3*d + 2*d + 15 = 0. Let t(u) = -u**2 + 5*u + 180. List the prime factors of t(c).
2, 3, 5
Let r be ((-14004)/2)/(-2)*(-2 - -4). Let i be (-7 - -6)/(2/r). What are the prime factors of ((-4)/6 + i/54)*-2?
131
Let x = -3184 - -5632. Let g be 118/(-1062) - 200/(-18). Suppose -5*v = g*v - x. What are the prime factors of v?
3, 17
Suppose 0 = -r + 5*r + 1616. What are the prime factors of (-4 + 0 + r)*(-2 + 1)?
2, 3, 17
Suppose 0 = 4*j, 3*p - j - 82 - 218 = 0. Let w = p + -50. Suppose 5*q = w + 30. List the prime factors of q.
2
Let t(p) = 8*p**2 - 36*p + 787. List the prime factors of t(17).
3, 829
What are the prime factors of 34847 - (-4)/8*(15 - 1)?
2, 3, 37, 157
Let i(b) = -b**3 - 25*b**2 - 23*b + 60. Let l be i(-24). Let m(p) = p**3 - 35*p**2 - 30*p + 39. List the prime factors of m(l).
3, 5, 17
Let f(k) = -k**3 - 18*k**2 + 13*k + 20. Let g = 11 - 10. Let x = -20 + g. List the prime factors of f(x).
2, 67
Let d(t) be the first derivative of 5*t**4/2 - 7*t**3/3 - 13*t**2 + 10. Let a(g) be the second derivative of d(g). What are the prime factors of a(3)?
2, 83
Suppose 610*y - 591*y = 822814. What are the prime factors of y?
2, 59, 367
Let y(l) = l**3 + 10*l**2 + 3*l + 25. Let a be y(-10). Let j(g) = 6*g**2 - 5*g - 25. List the prime factors of j(a).
2, 3, 5
Let z = -336 + 776. Let v = z - -730. List the prime factors of v.
2, 3, 5, 13
Let l(q) be the third derivative of 3*q**4/4 - 6*q**3 + 17*q**2. List the prime factors of l(17).
2, 3, 5
Suppose -5*n + 63946 = -19859. Suppose 10*g + 3601 = n. What are the prime factors of g?
2, 7, 47
Let l(f) = 123*f**2 + 99*f - 597. What are the prime factors of l(6)?
3, 5, 59
Let k be 3 + -4 + 127 + 0. Let x be (-4)/(-14) - (-9)/(k/2852). List the prime factors of 1/3*(x - -21).
3, 5
Suppose 5*y - 85 = 315. Suppose -y*p + 552 = -79*p. What are the prime factors of p?
2, 3, 23
Let m be ((-25)/10 - -2)*496. Let z = 420 + m. Let c = -58 + z. What are the prime factors of c?
2, 3, 19
Suppose s + s = 1110. Let q = -16 - -68. Suppose q*f = 55*f - s. List the prime factors of f.
5, 37
Let t = 1374 + -4614. Let a = -1716 - t. List the prime factors of a.
2, 3, 127
Let u be 2 - 3*122/2. Let t = 308 + u. Let j = 203 - t. What are the prime factors of j?
2, 19
Suppose 0*g = -6*g + 102. Suppose -13*m + g = 4. Suppose -4*p + 228 = b - 131, 0 = -b - m. List the prime factors of p.
2, 3, 5
Suppose -3*b + 52 = 4*d - 187, -4*b = 2*d - 112. Suppose d*r - 57*r - 3150 = 0. What are the prime factors of r?
2, 3, 5, 7
Suppose -j + 4*n = -2*j - 45, 4*n + 103 = -3*j. Let m = j - -129. List the prime factors of m.
2, 5
Let f(j) = -2442*j - 74. Let n be f(-5). Suppose -43*w + n = -6*w. List the prime factors of w.
2, 41
Suppose 7149 = -8*u + 589. Let w = -361 - u. What are the prime factors of w?
3, 17
Suppose 4*o - 5245 = 17627. Let a = o + 10543. What are the prime factors of (8/14)/(46/a)?
2, 101
Suppose -5*q + 2*r + 13487 = 0, 3*q = 123*r - 121*r + 8093. List the prime factors of q.
3, 29, 31
Suppose -2*o + 8754 = 3*a - 1476, -3*o = -3*a + 10260. List the prime factors of a.
2, 3, 569
Suppose 0*r + 2*r + l + 160 = 0, l = 0. Let b be (-19408)/r - (-2)/5. Let i = -152 + b. List the prime factors of i.
7, 13
What are the prime factors of -57*(-8334)/108*6?
3, 19, 463
Let m be -3*((4 - 7) + (-14)/(-6)). Suppose -m*c + 102 = -0*c. List the prime factors of (-3 - c)/(2/(-5))*1.
3, 5
Suppose -8*y - 2568 = 3528. Let p = -177 - y. List the prime factors of p.
3, 5, 13
Let g(k) be the first derivative of -3*k**2/2 + 19*k + 18. Let l be g(5). Suppose l*t - 186 - 382 = 0. What are the prime factors of t?
2, 71
Suppose 9 = 3*c - 7*l + 2*l, -2*c + 25 = 3*l. Suppose -7 = 3*i + c, 0 = 4*t + 4*i + 44. What are the prime factors of (-2472)/(-18) + 2*(-2)/t?
2, 3, 23
Let d be (-1026)/(-24) - 1/(-4). Suppose 0 = -d*u + 35*u + 1232. What are the prime factors of u?
2, 7, 11
Let k = 569 - 1222. Let v = -314 - k. Suppose 681 = 4*j - 5*r, -2*j - 3*r + 6*r = -v. List the prime factors of j.
2, 3, 29
Let y = 7554 + -3329. What are the prime factors of y?
5, 13
Suppose 4*k = -2*b - 2719 + 9117, -k + 1617 = 4*b. Suppose -2*l + k = -617. What are the prime factors of l?
3, 41
Let t(y) = 4*y**3 + 276*y**2 + 127*y - 291. List the prime factors of t(-64).
31, 2371
Suppose 25*g = 1479 + 6171. List the prime factors of g.
2, 3, 17
Let p(z) = z**3 - 19*z**2 + 19*z - 13. Let w be p(18). Suppose -w*u + 130 = 3*d, 4*u + 0*d = -d + 111. List the prime factors of u.
29
List the prime factors of (1/(-1))/1*(28 - 27) - -9225.
2, 1153
Let q = 41 - 35. Suppose 0 = 17*i - 20*i - q. Let h(v) = 65*v**2 + v - 4. What are the prime factors of h(i)?
2, 127
Let j = 4 - 159. List the prime factors of 2 - (-15)/5 - j.
2, 5
Suppose -n + 6 = 0, -5*i - 38*n + 59917 = -36*n. What are the prime factors of i?
11981
Let c = -19 - -30. Let f be (2/(-4))/(-1) - c/22. Suppose 6*h - 246 = -f*h. What are the prime factors of h?
41
Suppose -2*q = h - 0*q - 39, -h - 5*q + 30 = 0. What are the prime factors of (-2460)/h*(-18)/3?
2, 41
Suppose 90002 = 9*f + 15005. What are the prime factors of f?
13, 641
Let v be (-8 + 4 - -302)/1. Let y = 164 + v. What are the prime factors of y?
2, 3, 7, 11
Suppose 7*s - 369 = 16*s. Let h be ((-6)/(-5))/((-12)/(-20)) + s. List the prime factors of (-580